ase 12, what is 699 - 1a2?
4b7
In base 5, what is 0 - -1103112?
1103112
In base 13, what is 162 + -1489?
-1327
In base 14, what is -87 + -267b?
-2724
In base 8, what is -73 + 27360?
27265
In base 14, what is 1a322 - 16?
1a30a
In base 2, what is 10100111110100 + -10000?
10100111100100
In base 9, what is -4 + 106848?
106844
In base 8, what is 6 + -7047?
-7041
In base 14, what is 4 - -903cd?
903d3
In base 4, what is 102102 - -12?
102120
In base 13, what is -1 + 72592?
72591
In base 5, what is -12411014 - 1?
-12411020
In base 5, what is 31 - -132013?
132044
In base 14, what is 38 - 3c3?
-389
In base 3, what is 2102021 + -10?
2102011
In base 3, what is -1102001220 - -22?
-1102001121
In base 9, what is -20 + -131123?
-131143
In base 12, what is 203 + 1ab?
3b2
In base 3, what is -22020111200 + -200?
-22020112100
In base 4, what is -30222312 + 12?
-30222300
In base 14, what is 7 - -13219?
13222
In base 15, what is 7 - 2592?
-258a
In base 13, what is -217 + -36?
-250
In base 9, what is -5 + 1460?
1454
In base 4, what is -1 + -10332231?
-10332232
In base 15, what is -b69a8 + 1?
-b69a7
In base 5, what is 2201 - 101431?
-44230
In base 7, what is -11 - -20603?
20562
In base 16, what is 16 + -183c?
-1826
In base 13, what is -56410 - 6?
-56416
In base 6, what is -23211300 - 3?
-23211303
In base 16, what is -6 + 6ab0?
6aaa
In base 12, what is 6a70 + -4?
6a68
In base 7, what is 0 + -6616122?
-6616122
In base 12, what is 79b - -269?
a48
In base 12, what is 0 - b655?
-b655
In base 13, what is 2 - 9a74?
-9a72
In base 4, what is 222 - 10130000?
-10123112
In base 8, what is -547 - 252?
-1021
In base 5, what is 24 + -243203?
-243124
In base 12, what is -20 - 6606?
-6626
In base 16, what is -4c + 75?
29
In base 6, what is -1532 + 14243?
12311
In base 5, what is 322110 - 0?
322110
In base 12, what is 60027 - -27?
60052
In base 6, what is -12533024 - -5?
-12533015
In base 4, what is -131130 - -331?
-130133
In base 10, what is 0 + 18091?
18091
In base 4, what is -12012013 - -3?
-12012010
In base 6, what is 200150 + 1?
200151
In base 9, what is -163 - 31761?
-32034
In base 8, what is -2254 - 164?
-2440
In base 4, what is 2 + -2112201?
-2112133
In base 2, what is 1000 + 1101000110110?
1101000111110
In base 5, what is 11341 - -211?
12102
In base 11, what is -137a5 - 3?
-137a8
In base 13, what is -24b + 9b?
-180
In base 3, what is -2100012 - -201?
-2022111
In base 9, what is 15 + 1554?
1570
In base 7, what is -454 + 523?
36
In base 5, what is 33234332 + 10?
33234342
In base 2, what is -1011101111 - -10011111?
-1001010000
In base 8, what is -4441 + 1220?
-3221
In base 6, what is -12 - 3151233?
-3151245
In base 5, what is 134402 - 20?
134332
In base 15, what is -2a487 + 5?
-2a482
In base 3, what is -10 - -1210221212122?
1210221212112
In base 13, what is -24620 - -6?
-24617
In base 9, what is 1107 + -7446?
-6338
In base 3, what is 2011 - -2111?
11122
In base 5, what is -2133201 - 20?
-2133221
In base 6, what is -112 + 1243?
1131
In base 10, what is 4 + -6467?
-6463
In base 12, what is -5 - -24257b?
242576
In base 4, what is -12 - -12322210?
12322132
In base 10, what is 1536 - 33?
1503
In base 6, what is -2355021 + 10?
-2355011
In base 7, what is -3333 + -144?
-3510
In base 6, what is 250104 - 2?
250102
In base 9, what is 327305 + 3?
327308
In base 3, what is 1022 + 120110012?
120111111
In base 13, what is -1308a - 2?
-1308c
In base 12, what is 17 - 1a191?
-1a176
In base 5, what is -1 + 214031103?
214031102
In base 16, what is 12 + -1c2d1?
-1c2bf
In base 5, what is 2111321 + -3?
2111313
In base 8, what is -34 + 1543?
1507
In base 5, what is 13 + 11403224?
11403242
In base 13, what is 3 + -15b5?
-15b2
In base 8, what is 3 + -556447?
-556444
In base 7, what is 32304 - 42?
32232
In base 8, what is 101534 + -4?
101530
In base 2, what is -110011110100 + 1001111?
-110010100101
In base 5, what is 4324 + 1031?
10410
In base 5, what is -12134014 - 3?
-12134022
In base 14, what is 6 - 5812d?
-58127
In base 11, what is 2 - -30610?
30612
In base 3, what is -11112112 - -100011?
-11012101
In base 13, what is 47 + -2960?
-2916
In base 7, what is -10 - 13226?
-13236
In base 15, what is -3 + 15b8?
15b5
In base 8, what is -3 - 33637?
-33642
In base 15, what is 47 - 4d?
-6
In base 7, what is 14 - -36534?
36551
In base 13, what is -78 - -28?
-50
In base 2, what is 10110101100 + 10010110?
11001000010
In base 12, what is 32bb + 0?
32bb
In base 2, what is 110001011000 - -101101?
110010000101
In base 6, what is 1 - 2134200?
-2134155
In base 14, what is -28 - -c9a?
c72
In base 4, what is 1 + -1322033?
-1322032
In base 7, what is 644 - -1021?
1665
In base 8, what is 215 - 116?
77
In base 16, what is 102 + 537?
639
In base 12, what is -15a05 + -18?
-15a21
In base 2, what is -101110010101001010100 + 0?
-101110010101001010100
In base 11, what is 12 + -24823?
-24811
In base 14, what is 6 + 2178?
2180
In base 6, what is 24241353 + 3?
24241400
In base 7, what is 14 - 42144?
-42130
In base 10, what is -266832 - 7?
-266839
In base 12, what is -a1 + -244a?
-252b
In base 7, what is -1463524 - 2?
-1463526
In base 15, what is 4b3425 + 0?
4b3425
In base 4, what is -122312331 + 22?
-122312303
In base 15, what is -19 + -4c40?
-4c59
In base 12, what is -5a19 - 10?
-5a29
In base 2, what is 1001111011010 + -101?
1001111010101
In base 14, what is -453 + 24?
-42d
In base 5, what is 10112 - -41?
10203
In base 14, what is 981 + -142?
83d
In base 16, what is -1130 - -1b?
-1115
In base 5, what is -4 + -114140?
-114144
In base 15, what is 72 - -1038?
10aa
In base 15, what is -144b1 + -1?
-144b2
In base 6, what is 232024203 + -4?
232024155
In base 11, what is -63 - -2058?
1aa5
In base 16, what is -12 + -2232?
-2244
In base 15, what is 21 + -1069?
-1048
In base 13, what is -1 + 12c40?
12c3c
In base 13, what is -4b9878 - 4?
-4b987c
In base 3, what is 0 - 121000011?
-121000011
In base 8, what is -5 + -1021104?
-1021111
In base 3, what is 10210021122202 + 12?
10210021122221
In base 2, what is 1 - 100101011001101?
-100101011001100
In base 16, what is 963 + -2?
961
In base 2, what is 101 - -1111101100100010?
1111101100100111
In base 5, what is -212121 + 4?
-212112
In base 12, what is 2ba01 + 5?
2ba06
In base 6, what is 5533 + -231?
5302
In base 9, what is -204803 - -4?
-204788
In base 16, what is ed5e + -2?
ed5c
In base 4, what is -21020332 + -3?
-21021001
In base 9, what is 543578 - 5?
543573
In base 11, what is 60266 - 5?
60261
In base 4, what is 223 + 31013302?
31020131
In base 8, what is -311653 - 5?
-311660
In base 6, what is 24 - 25323?
-25255
In base 11, what is a - -120183?
120192
In base 5, what is 23442 - 411?
23031
In base 3, what is 10 - -122221201?
122221211
In base 12, what is -3 - -132a26?
132a23
In base 15, what is 942 - 107?
83a
In base 12, what is 4874 - -4?
4878
In base 8, what is 3 - 3350?
-3345
In base 10, what is -29150 - 13?
-29163
In base 11, what is 424 - 9a?
335
In base 7, what is -101002 - -20?
-100652
In base 2, what is -11000 + -110000111010?
-110001010010
In base 15, what is 172 + -9e8?
-876
In base 6, what is 101242 + -32?
101210
In base 4, what is -1222231 + -11?
-1222302
In base 14, what is b24 - -2d4?
1018
In base 3, what is 10101 - 1020200012?
-1020112211
In base 13, what is 72c13 + 0?
72c13
In base 14, what is -4 - -107d9?
107d5
In base 7, what is -12401 + -6?
-12410
In base 11, what is 3701a0 - 3?
370198
In base 16, what is c - -941?
94d
In base 13, what is -331a1 - -10?
-33191
In base 5, what is -332424 - 10?
-332434
In base 12, what is 11 + -43?
-32
In base 12, what is -5178 - -50?
-5128
In base 10, what is -4 - -292904?
292900
In base 15, what is -31 + 2d78?
2d47
In base 10, what is 7 + -406387?
-406380
In base 8, what is -2230 - 307?
-2537
In base 6, what is -32433 - -113?
-32320
In base 2, what is -10011 - -111010111000?
111010100101
In base 12, what is -6 - -24316?
24310
In base 16, what is -3f - -3?
-3c
In base 15, what is 59a65 - -4?
59a69
In base 16, what is -37a321 + -3?
-37a324
In base 3, what is -12 + 220221001021?
220221001002
In base 14, what is -8c2d + 1?
-8c2c
In base 13, what is 50235 + -4?
50231
In base 15, what is -272 - -18?
-259
In base 16, what is 3 + -6d2?
-6cf
In base 8, what is 1106 + -7?
1077
In base 8, what is 35644 - -5?
35651
In base 3, what is -12 - -2022011?
2021